{"id":958,"date":"2025-11-17T12:33:32","date_gmt":"2025-11-17T11:33:32","guid":{"rendered":"https:\/\/cus.bedzino.pl\/?page_id=958"},"modified":"2025-11-25T13:31:37","modified_gmt":"2025-11-25T12:31:37","slug":"zespol-interdyscyplinarny","status":"publish","type":"page","link":"https:\/\/cus.bedzino.pl\/?page_id=958","title":{"rendered":"Zesp\u00f3\u0142 interdyscyplinarny"},"content":{"rendered":"\n<p><strong>Gminny Zesp\u00f3\u0142 Interdyscyplinarny ds. Przeciwdzia\u0142ania Przemocy w B\u0119dzinie<\/strong> przyjmuje codziennie w siedzibie Centrum Us\u0142ug Spo\u0142ecznych w B\u0119dzinie, w godz. pracy CUS.<\/p>\n\n\n\n<p>Zadania:<\/p>\n\n\n\n<ul class=\"wp-block-list\">\n<li>opracowanie i realizacja planu pomocy w indywidualnych przypadkach wyst\u0105pienia przemocy w rodzinie,<\/li>\n\n\n\n<li>monitorowanie sytuacji rodzin, w kt\u00f3rych dochodzi do przemocy oraz rodzin zagro\u017conych wyst\u0105pieniem przemocy,<\/li>\n\n\n\n<li>dokumentowanie dzia\u0142a\u0144 podejmowanych wobec rodzin, w kt\u00f3rych dochodzi do przemocy oraz efekt\u00f3w tych dzia\u0142a\u0144<\/li>\n<\/ul>\n\n\n\n<p>Cz\u0142onkowie Zespo\u0142u Interdyscyplinarnego oraz grup roboczych wykonuj\u0105 zadania w ramach obowi\u0105zk\u00f3w s\u0142u\u017cbowych lub zawodowych.<\/p>\n\n\n\n<p>Prace w ramach grup roboczych s\u0105 prowadzone w zale\u017cno\u015bci od potrzeb zg\u0142aszanych przez Zesp\u00f3\u0142 lub wynikaj\u0105cych z problem\u00f3w wyst\u0119puj\u0105cych w indywidualnych przypadkach.<\/p>\n\n\n\n<p>Harmonogram posiedze\u0144 Gminnego Zespo\u0142u Interdyscyplinarnego:<\/p>\n\n\n\n<figure class=\"wp-block-table\"><table class=\"has-fixed-layout\"><tbody><tr><td><strong>Lp.<\/strong><\/td><td><strong>2025<\/strong><\/td><td><strong>Termin posiedze\u0144 Zespo\u0142u<\/strong><\/td><\/tr><tr><td><strong>1<\/strong><\/td><td>Stycze\u0144<\/td><td>14.01.2025<\/td><\/tr><tr><td><strong>2<\/strong><\/td><td>Marzec<\/td><td>10.03.2025<\/td><\/tr><tr><td><strong>3<\/strong><\/td><td>Maj<\/td><td>08.05.2025<\/td><\/tr><tr><td>4<\/td><td>Lipiec<\/td><td>07.07.2025<\/td><\/tr><tr><td><strong>5<\/strong><\/td><td>Wrzesie\u0144<\/td><td>05.09.2025<\/td><\/tr><tr><td>6<\/td><td>Listopad<\/td><td>04.11.2025<\/td><\/tr><\/tbody><\/table><\/figure>\n\n\n\n<h3 class=\"wp-block-heading\"><strong>SK\u0141AD ZESP\u0141U INTERDYSCYPLINARNEGO<\/strong><\/h3>\n\n\n\n<p>1. Justyna Lasota &#8211; Wasicka &#8211; Kierownik Dziennego Domu Senior \u201ePlus&#8221; w Tymieniu,<\/p>\n\n\n\n<p>2. Klaudia \u017berdzi\u0144ska &#8211; specjalista pracy socjalnej, przedstawiciel Centrum Us\u0142ug Spo\u0142ecznych w B\u0119dzinie,<\/p>\n\n\n\n<p>3. Jan Jaczewski &#8211; przedstawiciel Gminnej Komisji ds. Rozwi\u0105zywania Problem\u00f3w<\/p>\n\n\n\n<p>Alkoholowych w B\u0119dzinie,<\/p>\n\n\n\n<p>4. Ariel Sepio\u0142o &#8211; dzielnicowy, przedstawiciel Komisariatu Policji w Mielnie,<\/p>\n\n\n\n<p>5. Magdalena Mazurek &#8211; pedagog, przedstawiciel Szko\u0142y Podstawowej w Dobrzycy,<\/p>\n\n\n\n<p>6. Jonatan D\u0105browski &#8211; kurator zawodowy II Zespo\u0142u Kuratorskiej S\u0142u\u017cby S\u0105dowej S\u0105du<\/p>\n\n\n\n<p>Rejonowego w Koszalinie,<\/p>\n\n\n\n<p>7. Jakub Skibicki &#8211; kurator zawodowy III Zespo\u0142u Kuratorskiej S\u0142u\u017cby S\u0105dowej S\u0105du Rejonowego w Koszalinie,<\/p>\n\n\n\n<p>8. Karolina Gargas &#8211; przedstawicielka Caritas Diecezji Koszali\u0144sko-Ko\u0142obrzeskiej<\/p>\n\n\n\n<p>9. Irena Wodecka \u2013 piel\u0119gniarka Centrum Medycznego w B\u0119dzinie.<\/p>\n","protected":false},"excerpt":{"rendered":"<p>Gminny Zesp\u00f3\u0142 Interdyscyplinarny ds. Przeciwdzia\u0142ania Przemocy w B\u0119dzinie przyjmuje codziennie w siedzibie Centrum Us\u0142ug Spo\u0142ecznych w B\u0119dzinie, w godz. pracy CUS. Zadania: Cz\u0142onkowie Zespo\u0142u Interdyscyplinarnego oraz grup roboczych wykonuj\u0105 zadania w ramach obowi\u0105zk\u00f3w s\u0142u\u017cbowych lub zawodowych. Prace w ramach grup&#8230; <a href=\"https:\/\/cus.bedzino.pl\/?page_id=958\" class=\"readmore\">Dowiedz si\u0119 wi\u0119cej<span class=\"screen-reader-text\">Zesp\u00f3\u0142 interdyscyplinarny<\/span><span class=\"fa fa-angle-double-right\" aria-hidden=\"true\"><\/span><\/a><\/p>\n","protected":false},"author":2,"featured_media":0,"parent":0,"menu_order":0,"comment_status":"closed","ping_status":"closed","template":"","meta":{"footnotes":""},"class_list":["post-958","page","type-page","status-publish","hentry"],"_links":{"self":[{"href":"https:\/\/cus.bedzino.pl\/index.php?rest_route=\/wp\/v2\/pages\/958","targetHints":{"allow":["GET"]}}],"collection":[{"href":"https:\/\/cus.bedzino.pl\/index.php?rest_route=\/wp\/v2\/pages"}],"about":[{"href":"https:\/\/cus.bedzino.pl\/index.php?rest_route=\/wp\/v2\/types\/page"}],"author":[{"embeddable":true,"href":"https:\/\/cus.bedzino.pl\/index.php?rest_route=\/wp\/v2\/users\/2"}],"replies":[{"embeddable":true,"href":"https:\/\/cus.bedzino.pl\/index.php?rest_route=%2Fwp%2Fv2%2Fcomments&post=958"}],"version-history":[{"count":3,"href":"https:\/\/cus.bedzino.pl\/index.php?rest_route=\/wp\/v2\/pages\/958\/revisions"}],"predecessor-version":[{"id":1021,"href":"https:\/\/cus.bedzino.pl\/index.php?rest_route=\/wp\/v2\/pages\/958\/revisions\/1021"}],"wp:attachment":[{"href":"https:\/\/cus.bedzino.pl\/index.php?rest_route=%2Fwp%2Fv2%2Fmedia&parent=958"}],"curies":[{"name":"wp","href":"https:\/\/api.w.org\/{rel}","templated":true}]}}

Zespół interdyscyplinarny

<p><strong>Gminny Zespół Interdyscyplinarny ds. Przeciwdziałania Przemocy w Będzinie</strong> przyjmuje codziennie w siedzibie Centrum Usług Społecznych w Będzinie, w godz. pracy CUS.</p>



<p>Zadania:</p>



<ul class="wp-block-list">
<li>opracowanie i realizacja planu pomocy w indywidualnych przypadkach wystąpienia przemocy w rodzinie,</li>



<li>monitorowanie sytuacji rodzin, w których dochodzi do przemocy oraz rodzin zagrożonych wystąpieniem przemocy,</li>



<li>dokumentowanie działań podejmowanych wobec rodzin, w których dochodzi do przemocy oraz efektów tych działań</li>
</ul>



<p>Członkowie Zespołu Interdyscyplinarnego oraz grup roboczych wykonują zadania w ramach obowiązków służbowych lub zawodowych.</p>



<p>Prace w ramach grup roboczych są prowadzone w zależności od potrzeb zgłaszanych przez Zespół lub wynikających z problemów występujących w indywidualnych przypadkach.</p>



<p>Harmonogram posiedzeń Gminnego Zespołu Interdyscyplinarnego:</p>



<figure class="wp-block-table"><table class="has-fixed-layout"><tbody><tr><td><strong>Lp.</strong></td><td><strong>2025</strong></td><td><strong>Termin posiedzeń Zespołu</strong></td></tr><tr><td><strong>1</strong></td><td>Styczeń</td><td>14.01.2025</td></tr><tr><td><strong>2</strong></td><td>Marzec</td><td>10.03.2025</td></tr><tr><td><strong>3</strong></td><td>Maj</td><td>08.05.2025</td></tr><tr><td>4</td><td>Lipiec</td><td>07.07.2025</td></tr><tr><td><strong>5</strong></td><td>Wrzesień</td><td>05.09.2025</td></tr><tr><td>6</td><td>Listopad</td><td>04.11.2025</td></tr></tbody></table></figure>



<h3 class="wp-block-heading"><strong>SKŁAD ZESPŁU INTERDYSCYPLINARNEGO</strong></h3>



<p>1. Justyna Lasota &#8211; Wasicka &#8211; Kierownik Dziennego Domu Senior „Plus&#8221; w Tymieniu,</p>



<p>2. Klaudia Żerdzińska &#8211; specjalista pracy socjalnej, przedstawiciel Centrum Usług Społecznych w Będzinie,</p>



<p>3. Jan Jaczewski &#8211; przedstawiciel Gminnej Komisji ds. Rozwiązywania Problemów</p>



<p>Alkoholowych w Będzinie,</p>



<p>4. Ariel Sepioło &#8211; dzielnicowy, przedstawiciel Komisariatu Policji w Mielnie,</p>



<p>5. Magdalena Mazurek &#8211; pedagog, przedstawiciel Szkoły Podstawowej w Dobrzycy,</p>



<p>6. Jonatan Dąbrowski &#8211; kurator zawodowy II Zespołu Kuratorskiej Służby Sądowej Sądu</p>



<p>Rejonowego w Koszalinie,</p>



<p>7. Jakub Skibicki &#8211; kurator zawodowy III Zespołu Kuratorskiej Służby Sądowej Sądu Rejonowego w Koszalinie,</p>



<p>8. Karolina Gargas &#8211; przedstawicielka Caritas Diecezji Koszalińsko-Kołobrzeskiej</p>



<p>9. Irena Wodecka – pielęgniarka Centrum Medycznego w Będzinie.</p>

<p>Gminny Zespół Interdyscyplinarny ds. Przeciwdziałania Przemocy w Będzinie przyjmuje codziennie w siedzibie Centrum Usług Społecznych w Będzinie, w godz. pracy CUS. Zadania: Członkowie Zespołu Interdyscyplinarnego oraz grup roboczych wykonują zadania w ramach obowiązków służbowych lub zawodowych. Prace w ramach grup&#8230; <a href="https://cus.bedzino.pl/?page_id=958" class="readmore">Dowiedz się więcej<span class="screen-reader-text">Zespół interdyscyplinarny</span><span class="fa fa-angle-double-right" aria-hidden="true"></span></a></p>
