{"id":1438,"date":"2026-02-27T09:31:45","date_gmt":"2026-02-27T08:31:45","guid":{"rendered":"https:\/\/cus.bedzino.pl\/?page_id=1438"},"modified":"2026-02-27T09:32:46","modified_gmt":"2026-02-27T08:32:46","slug":"aktywni-seniorzy-asy","status":"publish","type":"page","link":"https:\/\/cus.bedzino.pl\/?page_id=1438","title":{"rendered":"Program \u201eAktywni Seniorzy &#8211; ASY\u201d na lata 2026-2030"},"content":{"rendered":"\n<p>16 grudnia wesz\u0142a w \u017cycie uchwa\u0142a Rada Ministr\u00f3w ustanawiaj\u0105c program wieloletni na rzecz os\u00f3b starszych \u201eAktywni Seniorzy &#8211; ASY\u201d na lata 2026-2030. Program dysponuje bud\u017cetem 610 mln z\u0142 i stanowi odpowied\u017a na pot\u0119\u017cne wyzwania demograficzne oraz rosn\u0105c\u0105 potrzeb\u0119 wzmacniania aktywno\u015bci spo\u0142ecznej os\u00f3b starszych w \u015brodowiskach lokalnych.<\/p>\n\n\n\n<p><\/p>\n","protected":false},"excerpt":{"rendered":"<p>16 grudnia wesz\u0142a w \u017cycie uchwa\u0142a Rada Ministr\u00f3w ustanawiaj\u0105c program wieloletni na rzecz os\u00f3b starszych \u201eAktywni Seniorzy &#8211; ASY\u201d na lata 2026-2030. Program dysponuje bud\u017cetem 610 mln z\u0142 i stanowi odpowied\u017a na pot\u0119\u017cne wyzwania demograficzne oraz rosn\u0105c\u0105 potrzeb\u0119 wzmacniania aktywno\u015bci&#8230; <a href=\"https:\/\/cus.bedzino.pl\/?page_id=1438\" class=\"readmore\">Dowiedz si\u0119 wi\u0119cej<span class=\"screen-reader-text\">Program \u201eAktywni Seniorzy &#8211; ASY\u201d na lata 2026-2030<\/span><span class=\"fa fa-angle-double-right\" aria-hidden=\"true\"><\/span><\/a><\/p>\n","protected":false},"author":2,"featured_media":1439,"parent":43,"menu_order":0,"comment_status":"closed","ping_status":"closed","template":"","meta":{"footnotes":""},"class_list":["post-1438","page","type-page","status-publish","has-post-thumbnail","hentry"],"_links":{"self":[{"href":"https:\/\/cus.bedzino.pl\/index.php?rest_route=\/wp\/v2\/pages\/1438","targetHints":{"allow":["GET"]}}],"collection":[{"href":"https:\/\/cus.bedzino.pl\/index.php?rest_route=\/wp\/v2\/pages"}],"about":[{"href":"https:\/\/cus.bedzino.pl\/index.php?rest_route=\/wp\/v2\/types\/page"}],"author":[{"embeddable":true,"href":"https:\/\/cus.bedzino.pl\/index.php?rest_route=\/wp\/v2\/users\/2"}],"replies":[{"embeddable":true,"href":"https:\/\/cus.bedzino.pl\/index.php?rest_route=%2Fwp%2Fv2%2Fcomments&post=1438"}],"version-history":[{"count":2,"href":"https:\/\/cus.bedzino.pl\/index.php?rest_route=\/wp\/v2\/pages\/1438\/revisions"}],"predecessor-version":[{"id":1441,"href":"https:\/\/cus.bedzino.pl\/index.php?rest_route=\/wp\/v2\/pages\/1438\/revisions\/1441"}],"up":[{"embeddable":true,"href":"https:\/\/cus.bedzino.pl\/index.php?rest_route=\/wp\/v2\/pages\/43"}],"wp:featuredmedia":[{"embeddable":true,"href":"https:\/\/cus.bedzino.pl\/index.php?rest_route=\/wp\/v2\/media\/1439"}],"wp:attachment":[{"href":"https:\/\/cus.bedzino.pl\/index.php?rest_route=%2Fwp%2Fv2%2Fmedia&parent=1438"}],"curies":[{"name":"wp","href":"https:\/\/api.w.org\/{rel}","templated":true}]}}

<p>16 grudnia weszła w życie uchwała Rada Ministrów ustanawiając program wieloletni na rzecz osób starszych „Aktywni Seniorzy &#8211; ASY” na lata 2026-2030. Program dysponuje budżetem 610 mln zł i stanowi odpowiedź na potężne wyzwania demograficzne oraz rosnącą potrzebę wzmacniania aktywności społecznej osób starszych w środowiskach lokalnych.</p>



<p></p>

<p>16 grudnia weszła w życie uchwała Rada Ministrów ustanawiając program wieloletni na rzecz osób starszych „Aktywni Seniorzy &#8211; ASY” na lata 2026-2030. Program dysponuje budżetem 610 mln zł i stanowi odpowiedź na potężne wyzwania demograficzne oraz rosnącą potrzebę wzmacniania aktywności&#8230; <a href="https://cus.bedzino.pl/?page_id=1438" class="readmore">Dowiedz się więcej<span class="screen-reader-text">Program „Aktywni Seniorzy &#8211; ASY” na lata 2026-2030</span><span class="fa fa-angle-double-right" aria-hidden="true"></span></a></p>
